a composite number?
True
Is 3324913 prime?
True
Is 331319 a prime number?
True
Is 7255121 a prime number?
True
Is 1822693 a composite number?
False
Is 112850891 a prime number?
True
Is 128497353 a prime number?
False
Is 32203487 a composite number?
True
Is 12563389 a composite number?
True
Is 18332519 a prime number?
True
Is 22993 a composite number?
False
Is 5780083 prime?
False
Is 16854083 a prime number?
False
Is 125477147 composite?
False
Is 3697337 prime?
False
Is 30334351 a prime number?
True
Is 59350469 a composite number?
False
Is 142232051 a prime number?
False
Is 6738299 a composite number?
True
Is 140283107 a prime number?
True
Is 22577119 composite?
False
Is 37933507 composite?
True
Is 4814533 a composite number?
False
Is 7588801 composite?
True
Is 2887693 composite?
False
Is 80589742 composite?
True
Is 39792863 a composite number?
True
Is 4877843 composite?
False
Is 621721 a composite number?
False
Is 75689 composite?
False
Is 8364821 composite?
False
Is 1324406 a composite number?
True
Is 28367681 composite?
False
Is 763134193 a composite number?
False
Is 209864521 composite?
False
Is 27113401 prime?
False
Is 13233377 composite?
True
Is 32627839 a composite number?
False
Is 89947951 a prime number?
False
Is 2125679 prime?
True
Is 99171383 composite?
False
Is 600597989 prime?
True
Is 13158467 a prime number?
False
Is 11883421 a prime number?
False
Is 16904213 prime?
True
Is 34079043 prime?
False
Is 28525243 prime?
False
Is 14403149 a prime number?
True
Is 34175017 a composite number?
True
Is 14432879 composite?
False
Is 17019917 prime?
False
Is 28452749 composite?
True
Is 244177523 a composite number?
False
Is 4257241 prime?
True
Is 6242363 prime?
True
Is 5032393 composite?
True
Is 340343 composite?
True
Is 16964887 prime?
False
Is 137939 composite?
True
Is 1024477 prime?
True
Is 765601 composite?
True
Is 312079 a prime number?
False
Is 7150279 composite?
False
Is 2002691 prime?
False
Is 142171 prime?
False
Is 78079901 prime?
True
Is 1963081 a prime number?
True
Is 44912497 prime?
False
Is 600931 prime?
True
Is 68677 composite?
True
Is 69806033 a prime number?
False
Is 10863181 a composite number?
True
Is 978521405 composite?
True
Is 55765979 a composite number?
True
Is 2945951 composite?
False
Is 1122059 composite?
True
Is 9773941 a prime number?
True
Is 20524081 prime?
True
Is 9378259 a prime number?
False
Is 21521413 prime?
True
Is 930439 a composite number?
True
Is 35334161 prime?
True
Is 6578003 a prime number?
True
Is 55415743 a prime number?
True
Is 1192767 a composite number?
True
Is 446141083 composite?
False
Is 86431997 prime?
False
Is 9995099 a composite number?
True
Is 6116009 a prime number?
True
Is 6760617 a composite number?
True
Is 71806723 a prime number?
True
Is 3939457 a composite number?
False
Is 7844027 a prime number?
True
Is 62842037 prime?
False
Is 141041 a composite number?
False
Is 2528251 a composite number?
True
Is 10482491 a prime number?
True
Is 12014357 a composite number?
False
Is 303826735 prime?
False
Is 707219 prime?
True
Is 10449757 a prime number?
False
Is 6464137 a prime number?
True
Is 26448011 a composite number?
False
Is 12120179 a prime number?
True
Is 6609089 composite?
False
Is 427290163 a composite number?
False
Is 582895 a composite number?
True
Is 561082 a prime number?
False
Is 32517659 prime?
True
Is 1483343 composite?
False
Is 530501 composite?
False
Is 727589 prime?
True
Is 5385557 a prime number?
True
Is 2448057 a prime number?
False
Is 838421 a prime number?
True
Is 1359173 composite?
False
Is 8365613 a prime number?
True
Is 31894441 a composite number?
False
Is 106708741 prime?
True
Is 51231253 a prime number?
False
Is 391751641 composite?
False
Is 293251737 prime?
False
Is 1069703 composite?
True
Is 16795921 a composite number?
False
Is 12054499 composite?
False
Is 18690421 composite?
True
Is 14621563 a composite number?
True
Is 1924445 a prime number?
False
Is 12518921 a composite number?
False
Is 28995443 prime?
True
Is 241798861 composite?
True
Is 9142073 a prime number?
False
Is 30233407 a prime number?
True
Is 6041489 prime?
True
Is 329828291 a composite number?
True
Is 6959423 prime?
True
Is 5839863 a composite number?
True
Is 3929491 a composite number?
True
Is 68389 prime?
True
Is 3900397 a composite number?
False
Is 24402377 a composite number?
False
Is 6236051 a prime number?
True
Is 5764993457 composite?
False
Is 3676207 a composite number?
True
Is 253924633 prime?
False
Is 414454 a prime number?
False
Is 38796931 a prime number?
True
Is 419081203 prime?
False
Is 66225769 composite?
False
Is 11410823 composite?
True
Is 11834531 prime?
False
Is 2216563 composite?
False
Is 7872583 a composite number?
False
Is 9471257 composite?
True
Is 11197181 a composite number?
False
Is 19053493 a prime number?
False
Is 7141265 composite?
True
Is 10978169 a composite number?
True
Is 964721 composite?
False
Is 17705833 prime?
False
Is 7002257 prime?
True
Is 189498559 a composite number?
True
Is 1933381 a composite number?
True
Is 156007 a prime number?
True
Is 9193181 prime?
True
Is 96932171 a prime number?
False
Is 2713349 composite?
False
Is 614303 prime?
False
Is 24422081 composite?
True
Is 243307291 prime?
True
Is 25695433 prime?
False
Is 18828427 a composite number?
False
Is 14077793 a composite number?
False
Is 29499287 a prime number?
True
Is 46553281 a composite number?
False
Is 74323783 a composite number?
True
Is 10394099 a composite number?
True
Is 2159203 prime?
False
Is 650359807 a prime number?
True
Is 24710821 a composite number?
False
Is 97573139 prime?
False
Is 3448563 a prime number?
False
Is 24475459 composite?
False
Is 1419217 composite?
True
Is 47148539 prime?
True
Is 8778997 prime?
True
Is 51734297 a prime number?
False
Is 15093073 composite?
False
Is 937777 prime?
True
Is 10252603 composite?
True
Is 6999763 composite?
True
Is 961576397 composite?
False
Is 2124389 composite?
True
Is 1482049 a prime number?
True
Is 122683885 a composite number?
True
Is 21834091 composite?
False
Is 215659427 composite?
True
Is 3200737 composite?
False
Is 351414907 composite?
True
Is 3820237 a prime number?
True
Is 3206321 prime?
True
Is 200823497 a composite number?
True
Is 67933153 a composite number?
False
Is 179551883 a prime number?
False
Is 8086466 a composite number?
True
Is 1474961 a composite number?
False
Is 585953 a prime number?
True
Is 39877757 a prime number?
False
Is 13690322 prime?
False
Is 65188385 a prime number?
False
Is 144938723 a composite number?
True
Is 2448821 a prime number?
True
Is 3965043 a composite number?
True
Is 74565751 prime?
False
Is 1964453 a prime number?
False
Is 14091967 a composite number?
False
Is 582817 a composite number?
True
Is 2836777 a prime number?
True
Is 5106757 a prime number?
True
Is 760433 composite?
False
Is 157107157 a prime number?
True
Is 191297707 composite?
False
Is 3561359 a prime number?
True
Is 1817771 composite?
False
Is 1881577 a composite number?
True
Is 19696073 prime?
False
Is 655649 a composite number?
False
Is 1447139 a composite number?
False
Is 1972511 a prime number?
True
Is 1302383 a composite number?
False
Is 345725687 prime?
True
Is 37246259 a composite number?
True
Is 1462275741 prime?
False
Is 3632701 prime?
True
Is 278721649 composite?
True
Is 21881147 a prime number?
False
Is 62851543 prime?
False
Is 8464915 a prime number?
False
Is 584387 a composite number?
False
Is 6176119 a composite number?
False
Is 25696767 a composite number?
True
Is 705637 prime?
False
Is 79054445 a prime number?
False
Is 3451477 a composite number?
False
Is 446815 prime?
False
Is 15476183 prime?
False
Is 27386279 a composite number?
True
Is 4094878 prime?
False
Is 52255183 a prime number?
True
Is 66488987 prime?
True
Is 25067963 composite?
True
Is 2281471 composite?
True
Is 119562601 composite?
True
Is 429991 prime?
True
Is 5367605 a prime number?
False
Is 3114121 prime?
False
Is 3355687 a prime number?
False
Is 11091251 a composite number?
False
Is 7809253 prime?
True
Is 152939 a prime number?
True
Is 8809 composite?
True
Is 81510913 prime?
False
Is 39529241 a composite number?
False
Is 47194831 prime?
False
Is 30370541 composite?
True
Is 1720769 a prime number?
True
Is 1199459 a prime number?
True
Is 112482235 a prime nu